{"id":21314,"date":"2023-02-28T16:19:43","date_gmt":"2023-02-28T19:19:43","guid":{"rendered":"https:\/\/www.fazenda.niteroi.rj.gov.br\/site\/?page_id=21314"},"modified":"2023-04-04T16:19:55","modified_gmt":"2023-04-04T19:19:55","slug":"elas-da-smf","status":"publish","type":"page","link":"https:\/\/www.fazenda.niteroi.rj.gov.br\/site\/repositorio-institucional\/elas-da-smf\/","title":{"rendered":"Elas da SMF"},"content":{"rendered":"\n<p>A Campanha \u201cElas da SMF\u201d  tem como objetivo conscientizar os\/as servidores\/as acerca da import\u00e2ncia do Dia Internacional da Mulher para o combate \u00e0s desigualdades de g\u00eanero no espa\u00e7o laboral.<\/p>\n\n\n\n<div style=\"height:40px\" aria-hidden=\"true\" class=\"wp-block-spacer\"><\/div>\n\n\n\n<h2 class=\"wp-block-heading\">Campanha 2023<\/h2>\n\n\n\n<hr class=\"wp-block-separator has-text-color has-white-color has-alpha-channel-opacity has-white-background-color has-background\"\/>\n\n\n\n<figure class=\"wp-block-gallery has-nested-images columns-default is-cropped wp-block-gallery-1 is-layout-flex wp-block-gallery-is-layout-flex\">\n<figure class=\"wp-block-image size-medium\"><a href=\"https:\/\/www.fazenda.niteroi.rj.gov.br\/site\/wp-content\/uploads\/2023\/03\/Cartaz-Cuidando-Delas-na-SMF-01.jpeg\"><img loading=\"lazy\" decoding=\"async\" width=\"212\" height=\"300\" data-id=\"21385\" src=\"https:\/\/www.fazenda.niteroi.rj.gov.br\/site\/wp-content\/uploads\/2023\/03\/Cartaz-Cuidando-Delas-na-SMF-01-212x300.jpeg\" alt=\"\" class=\"wp-image-21385\" srcset=\"https:\/\/www.fazenda.niteroi.rj.gov.br\/site\/wp-content\/uploads\/2023\/03\/Cartaz-Cuidando-Delas-na-SMF-01-212x300.jpeg 212w, https:\/\/www.fazenda.niteroi.rj.gov.br\/site\/wp-content\/uploads\/2023\/03\/Cartaz-Cuidando-Delas-na-SMF-01-424x600.jpeg 424w, https:\/\/www.fazenda.niteroi.rj.gov.br\/site\/wp-content\/uploads\/2023\/03\/Cartaz-Cuidando-Delas-na-SMF-01-768x1086.jpeg 768w, https:\/\/www.fazenda.niteroi.rj.gov.br\/site\/wp-content\/uploads\/2023\/03\/Cartaz-Cuidando-Delas-na-SMF-01-1086x1536.jpeg 1086w, https:\/\/www.fazenda.niteroi.rj.gov.br\/site\/wp-content\/uploads\/2023\/03\/Cartaz-Cuidando-Delas-na-SMF-01-1080x1528.jpeg 1080w, https:\/\/www.fazenda.niteroi.rj.gov.br\/site\/wp-content\/uploads\/2023\/03\/Cartaz-Cuidando-Delas-na-SMF-01.jpeg 1131w\" sizes=\"auto, (max-width: 212px) 100vw, 212px\" \/><\/a><\/figure>\n\n\n\n<figure class=\"wp-block-image size-medium\"><a href=\"https:\/\/www.fazenda.niteroi.rj.gov.br\/site\/wp-content\/uploads\/2023\/03\/Cartaz-Cuidando-Delas-na-SMF-02.jpeg\"><img loading=\"lazy\" decoding=\"async\" width=\"212\" height=\"300\" data-id=\"21386\" src=\"https:\/\/www.fazenda.niteroi.rj.gov.br\/site\/wp-content\/uploads\/2023\/03\/Cartaz-Cuidando-Delas-na-SMF-02-212x300.jpeg\" alt=\"\" class=\"wp-image-21386\" srcset=\"https:\/\/www.fazenda.niteroi.rj.gov.br\/site\/wp-content\/uploads\/2023\/03\/Cartaz-Cuidando-Delas-na-SMF-02-212x300.jpeg 212w, https:\/\/www.fazenda.niteroi.rj.gov.br\/site\/wp-content\/uploads\/2023\/03\/Cartaz-Cuidando-Delas-na-SMF-02-424x600.jpeg 424w, https:\/\/www.fazenda.niteroi.rj.gov.br\/site\/wp-content\/uploads\/2023\/03\/Cartaz-Cuidando-Delas-na-SMF-02-768x1086.jpeg 768w, https:\/\/www.fazenda.niteroi.rj.gov.br\/site\/wp-content\/uploads\/2023\/03\/Cartaz-Cuidando-Delas-na-SMF-02-1086x1536.jpeg 1086w, https:\/\/www.fazenda.niteroi.rj.gov.br\/site\/wp-content\/uploads\/2023\/03\/Cartaz-Cuidando-Delas-na-SMF-02-1080x1528.jpeg 1080w, https:\/\/www.fazenda.niteroi.rj.gov.br\/site\/wp-content\/uploads\/2023\/03\/Cartaz-Cuidando-Delas-na-SMF-02.jpeg 1131w\" sizes=\"auto, (max-width: 212px) 100vw, 212px\" \/><\/a><\/figure>\n\n\n\n<figure class=\"wp-block-image size-medium\"><a href=\"https:\/\/www.fazenda.niteroi.rj.gov.br\/site\/wp-content\/uploads\/2023\/03\/Cartaz-Cuidando-Delas-na-SMF-03.jpeg\"><img loading=\"lazy\" decoding=\"async\" width=\"212\" height=\"300\" data-id=\"21387\" src=\"https:\/\/www.fazenda.niteroi.rj.gov.br\/site\/wp-content\/uploads\/2023\/03\/Cartaz-Cuidando-Delas-na-SMF-03-212x300.jpeg\" alt=\"\" class=\"wp-image-21387\" srcset=\"https:\/\/www.fazenda.niteroi.rj.gov.br\/site\/wp-content\/uploads\/2023\/03\/Cartaz-Cuidando-Delas-na-SMF-03-212x300.jpeg 212w, https:\/\/www.fazenda.niteroi.rj.gov.br\/site\/wp-content\/uploads\/2023\/03\/Cartaz-Cuidando-Delas-na-SMF-03-424x600.jpeg 424w, https:\/\/www.fazenda.niteroi.rj.gov.br\/site\/wp-content\/uploads\/2023\/03\/Cartaz-Cuidando-Delas-na-SMF-03-768x1086.jpeg 768w, https:\/\/www.fazenda.niteroi.rj.gov.br\/site\/wp-content\/uploads\/2023\/03\/Cartaz-Cuidando-Delas-na-SMF-03-1086x1536.jpeg 1086w, https:\/\/www.fazenda.niteroi.rj.gov.br\/site\/wp-content\/uploads\/2023\/03\/Cartaz-Cuidando-Delas-na-SMF-03-1080x1528.jpeg 1080w, https:\/\/www.fazenda.niteroi.rj.gov.br\/site\/wp-content\/uploads\/2023\/03\/Cartaz-Cuidando-Delas-na-SMF-03.jpeg 1131w\" sizes=\"auto, (max-width: 212px) 100vw, 212px\" \/><\/a><\/figure>\n<\/figure>\n\n\n\n<div style=\"height:45px\" aria-hidden=\"true\" class=\"wp-block-spacer\"><\/div>\n\n\n\n<p>Ao longo do m\u00eas de mar\u00e7o, a Secretaria de Fazenda abordar\u00e1 algumas formas importantes de cuidado, como: o cuidado mental e f\u00edsico, as quest\u00f5es sobre maternidade e o cuidado no trabalho. Tamb\u00e9m ser\u00e3o promovidas diversas a\u00e7\u00f5es ao longo do m\u00eas, como roda de conversa, palestras, produ\u00e7\u00e3o de guias e cartazes informativos.<\/p>\n\n\n\n<p><\/p>\n\n\n\n<figure class=\"wp-block-gallery has-nested-images columns-default is-cropped wp-block-gallery-2 is-layout-flex wp-block-gallery-is-layout-flex\">\n<figure class=\"wp-block-image size-large\"><a href=\"https:\/\/www.fazenda.niteroi.rj.gov.br\/site\/wp-content\/uploads\/2023\/03\/Elas-na-smf-2023-CARTAZ-SEMANA-2_Prancheta-1-copia-2-scaled.jpg\"><img loading=\"lazy\" decoding=\"async\" width=\"424\" height=\"600\" data-id=\"21484\" src=\"https:\/\/www.fazenda.niteroi.rj.gov.br\/site\/wp-content\/uploads\/2023\/03\/Elas-na-smf-2023-CARTAZ-SEMANA-2_Prancheta-1-copia-2-424x600.jpg\" alt=\"\" class=\"wp-image-21484\" srcset=\"https:\/\/www.fazenda.niteroi.rj.gov.br\/site\/wp-content\/uploads\/2023\/03\/Elas-na-smf-2023-CARTAZ-SEMANA-2_Prancheta-1-copia-2-424x600.jpg 424w, https:\/\/www.fazenda.niteroi.rj.gov.br\/site\/wp-content\/uploads\/2023\/03\/Elas-na-smf-2023-CARTAZ-SEMANA-2_Prancheta-1-copia-2-212x300.jpg 212w, https:\/\/www.fazenda.niteroi.rj.gov.br\/site\/wp-content\/uploads\/2023\/03\/Elas-na-smf-2023-CARTAZ-SEMANA-2_Prancheta-1-copia-2-768x1086.jpg 768w, https:\/\/www.fazenda.niteroi.rj.gov.br\/site\/wp-content\/uploads\/2023\/03\/Elas-na-smf-2023-CARTAZ-SEMANA-2_Prancheta-1-copia-2-1086x1536.jpg 1086w, https:\/\/www.fazenda.niteroi.rj.gov.br\/site\/wp-content\/uploads\/2023\/03\/Elas-na-smf-2023-CARTAZ-SEMANA-2_Prancheta-1-copia-2-1448x2048.jpg 1448w, https:\/\/www.fazenda.niteroi.rj.gov.br\/site\/wp-content\/uploads\/2023\/03\/Elas-na-smf-2023-CARTAZ-SEMANA-2_Prancheta-1-copia-2-1080x1528.jpg 1080w, https:\/\/www.fazenda.niteroi.rj.gov.br\/site\/wp-content\/uploads\/2023\/03\/Elas-na-smf-2023-CARTAZ-SEMANA-2_Prancheta-1-copia-2-scaled.jpg 1810w\" sizes=\"auto, (max-width: 424px) 100vw, 424px\" \/><\/a><\/figure>\n\n\n\n<figure class=\"wp-block-image size-large\"><a href=\"https:\/\/www.fazenda.niteroi.rj.gov.br\/site\/wp-content\/uploads\/2023\/03\/Elas-na-smf-2023-CARTAZ-SEMANA-2_Prancheta-1-copia-3-scaled.jpg\"><img loading=\"lazy\" decoding=\"async\" width=\"424\" height=\"600\" data-id=\"21486\" src=\"https:\/\/www.fazenda.niteroi.rj.gov.br\/site\/wp-content\/uploads\/2023\/03\/Elas-na-smf-2023-CARTAZ-SEMANA-2_Prancheta-1-copia-3-424x600.jpg\" alt=\"\" class=\"wp-image-21486\" srcset=\"https:\/\/www.fazenda.niteroi.rj.gov.br\/site\/wp-content\/uploads\/2023\/03\/Elas-na-smf-2023-CARTAZ-SEMANA-2_Prancheta-1-copia-3-424x600.jpg 424w, https:\/\/www.fazenda.niteroi.rj.gov.br\/site\/wp-content\/uploads\/2023\/03\/Elas-na-smf-2023-CARTAZ-SEMANA-2_Prancheta-1-copia-3-212x300.jpg 212w, https:\/\/www.fazenda.niteroi.rj.gov.br\/site\/wp-content\/uploads\/2023\/03\/Elas-na-smf-2023-CARTAZ-SEMANA-2_Prancheta-1-copia-3-768x1086.jpg 768w, https:\/\/www.fazenda.niteroi.rj.gov.br\/site\/wp-content\/uploads\/2023\/03\/Elas-na-smf-2023-CARTAZ-SEMANA-2_Prancheta-1-copia-3-1086x1536.jpg 1086w, https:\/\/www.fazenda.niteroi.rj.gov.br\/site\/wp-content\/uploads\/2023\/03\/Elas-na-smf-2023-CARTAZ-SEMANA-2_Prancheta-1-copia-3-1448x2048.jpg 1448w, https:\/\/www.fazenda.niteroi.rj.gov.br\/site\/wp-content\/uploads\/2023\/03\/Elas-na-smf-2023-CARTAZ-SEMANA-2_Prancheta-1-copia-3-1080x1528.jpg 1080w, https:\/\/www.fazenda.niteroi.rj.gov.br\/site\/wp-content\/uploads\/2023\/03\/Elas-na-smf-2023-CARTAZ-SEMANA-2_Prancheta-1-copia-3-scaled.jpg 1810w\" sizes=\"auto, (max-width: 424px) 100vw, 424px\" \/><\/a><\/figure>\n\n\n\n<figure class=\"wp-block-image size-large\"><a href=\"https:\/\/www.fazenda.niteroi.rj.gov.br\/site\/wp-content\/uploads\/2023\/03\/Elas-na-smf-2023-CARTAZ-SEMANA-2_Prancheta-1-copia-4-scaled.jpg\"><img loading=\"lazy\" decoding=\"async\" width=\"424\" height=\"600\" data-id=\"21485\" src=\"https:\/\/www.fazenda.niteroi.rj.gov.br\/site\/wp-content\/uploads\/2023\/03\/Elas-na-smf-2023-CARTAZ-SEMANA-2_Prancheta-1-copia-4-424x600.jpg\" alt=\"\" class=\"wp-image-21485\" srcset=\"https:\/\/www.fazenda.niteroi.rj.gov.br\/site\/wp-content\/uploads\/2023\/03\/Elas-na-smf-2023-CARTAZ-SEMANA-2_Prancheta-1-copia-4-424x600.jpg 424w, https:\/\/www.fazenda.niteroi.rj.gov.br\/site\/wp-content\/uploads\/2023\/03\/Elas-na-smf-2023-CARTAZ-SEMANA-2_Prancheta-1-copia-4-212x300.jpg 212w, https:\/\/www.fazenda.niteroi.rj.gov.br\/site\/wp-content\/uploads\/2023\/03\/Elas-na-smf-2023-CARTAZ-SEMANA-2_Prancheta-1-copia-4-768x1086.jpg 768w, https:\/\/www.fazenda.niteroi.rj.gov.br\/site\/wp-content\/uploads\/2023\/03\/Elas-na-smf-2023-CARTAZ-SEMANA-2_Prancheta-1-copia-4-1086x1536.jpg 1086w, https:\/\/www.fazenda.niteroi.rj.gov.br\/site\/wp-content\/uploads\/2023\/03\/Elas-na-smf-2023-CARTAZ-SEMANA-2_Prancheta-1-copia-4-1448x2048.jpg 1448w, https:\/\/www.fazenda.niteroi.rj.gov.br\/site\/wp-content\/uploads\/2023\/03\/Elas-na-smf-2023-CARTAZ-SEMANA-2_Prancheta-1-copia-4-1080x1528.jpg 1080w, https:\/\/www.fazenda.niteroi.rj.gov.br\/site\/wp-content\/uploads\/2023\/03\/Elas-na-smf-2023-CARTAZ-SEMANA-2_Prancheta-1-copia-4-scaled.jpg 1810w\" sizes=\"auto, (max-width: 424px) 100vw, 424px\" \/><\/a><\/figure>\n<\/figure>\n\n\n\n<p><\/p>\n\n\n\n<figure class=\"wp-block-gallery has-nested-images columns-default is-cropped wp-block-gallery-3 is-layout-flex wp-block-gallery-is-layout-flex\">\n<figure class=\"wp-block-image size-large\"><a href=\"https:\/\/www.fazenda.niteroi.rj.gov.br\/site\/wp-content\/uploads\/2023\/04\/1.jpg\"><img loading=\"lazy\" decoding=\"async\" width=\"424\" height=\"600\" data-id=\"21626\" src=\"https:\/\/www.fazenda.niteroi.rj.gov.br\/site\/wp-content\/uploads\/2023\/04\/1-424x600.jpg\" alt=\"\" class=\"wp-image-21626\" srcset=\"https:\/\/www.fazenda.niteroi.rj.gov.br\/site\/wp-content\/uploads\/2023\/04\/1-424x600.jpg 424w, https:\/\/www.fazenda.niteroi.rj.gov.br\/site\/wp-content\/uploads\/2023\/04\/1-212x300.jpg 212w, https:\/\/www.fazenda.niteroi.rj.gov.br\/site\/wp-content\/uploads\/2023\/04\/1-768x1086.jpg 768w, https:\/\/www.fazenda.niteroi.rj.gov.br\/site\/wp-content\/uploads\/2023\/04\/1-1086x1536.jpg 1086w, https:\/\/www.fazenda.niteroi.rj.gov.br\/site\/wp-content\/uploads\/2023\/04\/1-1080x1528.jpg 1080w, https:\/\/www.fazenda.niteroi.rj.gov.br\/site\/wp-content\/uploads\/2023\/04\/1.jpg 1414w\" sizes=\"auto, (max-width: 424px) 100vw, 424px\" \/><\/a><\/figure>\n\n\n\n<figure class=\"wp-block-image size-large\"><a href=\"https:\/\/www.fazenda.niteroi.rj.gov.br\/site\/wp-content\/uploads\/2023\/04\/2.jpg\"><img loading=\"lazy\" decoding=\"async\" width=\"424\" height=\"600\" data-id=\"21633\" src=\"https:\/\/www.fazenda.niteroi.rj.gov.br\/site\/wp-content\/uploads\/2023\/04\/2-424x600.jpg\" alt=\"\" class=\"wp-image-21633\" srcset=\"https:\/\/www.fazenda.niteroi.rj.gov.br\/site\/wp-content\/uploads\/2023\/04\/2-424x600.jpg 424w, https:\/\/www.fazenda.niteroi.rj.gov.br\/site\/wp-content\/uploads\/2023\/04\/2-212x300.jpg 212w, https:\/\/www.fazenda.niteroi.rj.gov.br\/site\/wp-content\/uploads\/2023\/04\/2-768x1086.jpg 768w, https:\/\/www.fazenda.niteroi.rj.gov.br\/site\/wp-content\/uploads\/2023\/04\/2-1086x1536.jpg 1086w, https:\/\/www.fazenda.niteroi.rj.gov.br\/site\/wp-content\/uploads\/2023\/04\/2-1080x1528.jpg 1080w, https:\/\/www.fazenda.niteroi.rj.gov.br\/site\/wp-content\/uploads\/2023\/04\/2.jpg 1414w\" sizes=\"auto, (max-width: 424px) 100vw, 424px\" \/><\/a><\/figure>\n\n\n\n<figure class=\"wp-block-image size-large\"><a href=\"https:\/\/www.fazenda.niteroi.rj.gov.br\/site\/wp-content\/uploads\/2023\/04\/3.jpg\"><img loading=\"lazy\" decoding=\"async\" width=\"424\" height=\"600\" data-id=\"21630\" src=\"https:\/\/www.fazenda.niteroi.rj.gov.br\/site\/wp-content\/uploads\/2023\/04\/3-424x600.jpg\" alt=\"\" class=\"wp-image-21630\" srcset=\"https:\/\/www.fazenda.niteroi.rj.gov.br\/site\/wp-content\/uploads\/2023\/04\/3-424x600.jpg 424w, https:\/\/www.fazenda.niteroi.rj.gov.br\/site\/wp-content\/uploads\/2023\/04\/3-212x300.jpg 212w, https:\/\/www.fazenda.niteroi.rj.gov.br\/site\/wp-content\/uploads\/2023\/04\/3-768x1086.jpg 768w, https:\/\/www.fazenda.niteroi.rj.gov.br\/site\/wp-content\/uploads\/2023\/04\/3-1086x1536.jpg 1086w, https:\/\/www.fazenda.niteroi.rj.gov.br\/site\/wp-content\/uploads\/2023\/04\/3-1080x1528.jpg 1080w, https:\/\/www.fazenda.niteroi.rj.gov.br\/site\/wp-content\/uploads\/2023\/04\/3.jpg 1414w\" sizes=\"auto, (max-width: 424px) 100vw, 424px\" \/><\/a><\/figure>\n\n\n\n<figure class=\"wp-block-image size-large\"><a href=\"https:\/\/www.fazenda.niteroi.rj.gov.br\/site\/wp-content\/uploads\/2023\/04\/4.jpg\"><img loading=\"lazy\" decoding=\"async\" width=\"424\" height=\"600\" data-id=\"21628\" src=\"https:\/\/www.fazenda.niteroi.rj.gov.br\/site\/wp-content\/uploads\/2023\/04\/4-424x600.jpg\" alt=\"\" class=\"wp-image-21628\" srcset=\"https:\/\/www.fazenda.niteroi.rj.gov.br\/site\/wp-content\/uploads\/2023\/04\/4-424x600.jpg 424w, https:\/\/www.fazenda.niteroi.rj.gov.br\/site\/wp-content\/uploads\/2023\/04\/4-212x300.jpg 212w, https:\/\/www.fazenda.niteroi.rj.gov.br\/site\/wp-content\/uploads\/2023\/04\/4-768x1086.jpg 768w, https:\/\/www.fazenda.niteroi.rj.gov.br\/site\/wp-content\/uploads\/2023\/04\/4-1086x1536.jpg 1086w, https:\/\/www.fazenda.niteroi.rj.gov.br\/site\/wp-content\/uploads\/2023\/04\/4-1080x1528.jpg 1080w, https:\/\/www.fazenda.niteroi.rj.gov.br\/site\/wp-content\/uploads\/2023\/04\/4.jpg 1414w\" sizes=\"auto, (max-width: 424px) 100vw, 424px\" \/><\/a><\/figure>\n\n\n\n<figure class=\"wp-block-image size-large\"><a href=\"https:\/\/www.fazenda.niteroi.rj.gov.br\/site\/wp-content\/uploads\/2023\/04\/5.jpg\"><img loading=\"lazy\" decoding=\"async\" width=\"424\" height=\"600\" data-id=\"21627\" src=\"https:\/\/www.fazenda.niteroi.rj.gov.br\/site\/wp-content\/uploads\/2023\/04\/5-424x600.jpg\" alt=\"\" class=\"wp-image-21627\" srcset=\"https:\/\/www.fazenda.niteroi.rj.gov.br\/site\/wp-content\/uploads\/2023\/04\/5-424x600.jpg 424w, https:\/\/www.fazenda.niteroi.rj.gov.br\/site\/wp-content\/uploads\/2023\/04\/5-212x300.jpg 212w, https:\/\/www.fazenda.niteroi.rj.gov.br\/site\/wp-content\/uploads\/2023\/04\/5-768x1086.jpg 768w, https:\/\/www.fazenda.niteroi.rj.gov.br\/site\/wp-content\/uploads\/2023\/04\/5-1086x1536.jpg 1086w, https:\/\/www.fazenda.niteroi.rj.gov.br\/site\/wp-content\/uploads\/2023\/04\/5-1080x1528.jpg 1080w, https:\/\/www.fazenda.niteroi.rj.gov.br\/site\/wp-content\/uploads\/2023\/04\/5.jpg 1414w\" sizes=\"auto, (max-width: 424px) 100vw, 424px\" \/><\/a><\/figure>\n\n\n\n<figure class=\"wp-block-image size-large\"><a href=\"https:\/\/www.fazenda.niteroi.rj.gov.br\/site\/wp-content\/uploads\/2023\/04\/6.jpg\"><img loading=\"lazy\" decoding=\"async\" width=\"424\" height=\"600\" data-id=\"21631\" src=\"https:\/\/www.fazenda.niteroi.rj.gov.br\/site\/wp-content\/uploads\/2023\/04\/6-424x600.jpg\" alt=\"\" class=\"wp-image-21631\" srcset=\"https:\/\/www.fazenda.niteroi.rj.gov.br\/site\/wp-content\/uploads\/2023\/04\/6-424x600.jpg 424w, https:\/\/www.fazenda.niteroi.rj.gov.br\/site\/wp-content\/uploads\/2023\/04\/6-212x300.jpg 212w, https:\/\/www.fazenda.niteroi.rj.gov.br\/site\/wp-content\/uploads\/2023\/04\/6-768x1086.jpg 768w, https:\/\/www.fazenda.niteroi.rj.gov.br\/site\/wp-content\/uploads\/2023\/04\/6-1086x1536.jpg 1086w, https:\/\/www.fazenda.niteroi.rj.gov.br\/site\/wp-content\/uploads\/2023\/04\/6-1080x1528.jpg 1080w, https:\/\/www.fazenda.niteroi.rj.gov.br\/site\/wp-content\/uploads\/2023\/04\/6.jpg 1414w\" sizes=\"auto, (max-width: 424px) 100vw, 424px\" \/><\/a><\/figure>\n\n\n\n<figure class=\"wp-block-image size-large\"><a href=\"https:\/\/www.fazenda.niteroi.rj.gov.br\/site\/wp-content\/uploads\/2023\/04\/7.jpg\"><img loading=\"lazy\" decoding=\"async\" width=\"424\" height=\"600\" data-id=\"21629\" src=\"https:\/\/www.fazenda.niteroi.rj.gov.br\/site\/wp-content\/uploads\/2023\/04\/7-424x600.jpg\" alt=\"\" class=\"wp-image-21629\" srcset=\"https:\/\/www.fazenda.niteroi.rj.gov.br\/site\/wp-content\/uploads\/2023\/04\/7-424x600.jpg 424w, https:\/\/www.fazenda.niteroi.rj.gov.br\/site\/wp-content\/uploads\/2023\/04\/7-212x300.jpg 212w, https:\/\/www.fazenda.niteroi.rj.gov.br\/site\/wp-content\/uploads\/2023\/04\/7-768x1086.jpg 768w, https:\/\/www.fazenda.niteroi.rj.gov.br\/site\/wp-content\/uploads\/2023\/04\/7-1086x1536.jpg 1086w, https:\/\/www.fazenda.niteroi.rj.gov.br\/site\/wp-content\/uploads\/2023\/04\/7-1080x1528.jpg 1080w, https:\/\/www.fazenda.niteroi.rj.gov.br\/site\/wp-content\/uploads\/2023\/04\/7.jpg 1414w\" sizes=\"auto, (max-width: 424px) 100vw, 424px\" \/><\/a><\/figure>\n\n\n\n<figure class=\"wp-block-image size-large\"><a href=\"https:\/\/www.fazenda.niteroi.rj.gov.br\/site\/wp-content\/uploads\/2023\/04\/8.jpg\"><img loading=\"lazy\" decoding=\"async\" width=\"424\" height=\"600\" data-id=\"21632\" src=\"https:\/\/www.fazenda.niteroi.rj.gov.br\/site\/wp-content\/uploads\/2023\/04\/8-424x600.jpg\" alt=\"\" class=\"wp-image-21632\" srcset=\"https:\/\/www.fazenda.niteroi.rj.gov.br\/site\/wp-content\/uploads\/2023\/04\/8-424x600.jpg 424w, https:\/\/www.fazenda.niteroi.rj.gov.br\/site\/wp-content\/uploads\/2023\/04\/8-212x300.jpg 212w, https:\/\/www.fazenda.niteroi.rj.gov.br\/site\/wp-content\/uploads\/2023\/04\/8-768x1086.jpg 768w, https:\/\/www.fazenda.niteroi.rj.gov.br\/site\/wp-content\/uploads\/2023\/04\/8-1086x1536.jpg 1086w, https:\/\/www.fazenda.niteroi.rj.gov.br\/site\/wp-content\/uploads\/2023\/04\/8-1080x1528.jpg 1080w, https:\/\/www.fazenda.niteroi.rj.gov.br\/site\/wp-content\/uploads\/2023\/04\/8.jpg 1414w\" sizes=\"auto, (max-width: 424px) 100vw, 424px\" \/><\/a><\/figure>\n<\/figure>\n\n\n\n<hr class=\"wp-block-separator has-text-color has-white-color has-alpha-channel-opacity has-white-background-color has-background\"\/>\n\n\n\n<figure class=\"wp-block-image size-medium is-resized\"><a href=\"https:\/\/www.fazenda.niteroi.rj.gov.br\/site\/wp-content\/uploads\/2023\/03\/Encerramento-Mes-da-Mulher-Elas-da-SMF.png\"><img loading=\"lazy\" decoding=\"async\" src=\"https:\/\/www.fazenda.niteroi.rj.gov.br\/site\/wp-content\/uploads\/2023\/03\/Encerramento-Mes-da-Mulher-Elas-da-SMF-212x300.png\" alt=\"\" class=\"wp-image-21578\" width=\"308\" height=\"437\" srcset=\"https:\/\/www.fazenda.niteroi.rj.gov.br\/site\/wp-content\/uploads\/2023\/03\/Encerramento-Mes-da-Mulher-Elas-da-SMF-212x300.png 212w, https:\/\/www.fazenda.niteroi.rj.gov.br\/site\/wp-content\/uploads\/2023\/03\/Encerramento-Mes-da-Mulher-Elas-da-SMF-424x600.png 424w, https:\/\/www.fazenda.niteroi.rj.gov.br\/site\/wp-content\/uploads\/2023\/03\/Encerramento-Mes-da-Mulher-Elas-da-SMF-768x1086.png 768w, https:\/\/www.fazenda.niteroi.rj.gov.br\/site\/wp-content\/uploads\/2023\/03\/Encerramento-Mes-da-Mulher-Elas-da-SMF-1086x1536.png 1086w, https:\/\/www.fazenda.niteroi.rj.gov.br\/site\/wp-content\/uploads\/2023\/03\/Encerramento-Mes-da-Mulher-Elas-da-SMF-1080x1528.png 1080w, https:\/\/www.fazenda.niteroi.rj.gov.br\/site\/wp-content\/uploads\/2023\/03\/Encerramento-Mes-da-Mulher-Elas-da-SMF.png 1414w\" sizes=\"auto, (max-width: 308px) 100vw, 308px\" \/><\/a><\/figure>\n\n\n\n<div style=\"height:77px\" aria-hidden=\"true\" class=\"wp-block-spacer\"><\/div>\n\n\n\n<hr class=\"wp-block-separator has-text-color has-white-color has-alpha-channel-opacity has-white-background-color has-background\"\/>\n\n\n\n<figure class=\"wp-block-embed is-type-video is-provider-youtube wp-block-embed-youtube wp-embed-aspect-16-9 wp-has-aspect-ratio\"><div class=\"wp-block-embed__wrapper\">\nhttps:\/\/youtu.be\/-8IbbHXmOMU\n<\/div><\/figure>\n\n\n\n<div style=\"height:100px\" aria-hidden=\"true\" class=\"wp-block-spacer\"><\/div>\n\n\n\n<h2 class=\"wp-block-heading\">Programa\u00e7\u00e3o do m\u00eas da Mulher em Niter\u00f3i<\/h2>\n\n\n\n<p>Acesse a programa\u00e7\u00e3o da Coordenadoria de Pol\u00edticas &amp; Direitos das Mulheres da Prefeitura de Niter\u00f3i (CODIM)<\/p>\n\n\n\n<div data-wp-interactive=\"core\/file\" class=\"wp-block-file\"><object data-wp-bind--hidden=\"!state.hasPdfPreview\" hidden class=\"wp-block-file__embed\" data=\"https:\/\/www.fazenda.niteroi.rj.gov.br\/site\/wp-content\/uploads\/2023\/03\/Programacao-Mes-da-Mulher-2023-3.pdf\" type=\"application\/pdf\" style=\"width:100%;height:600px\" aria-label=\"Incorporado de Programacao-Mes-da-Mulher-2023-3.\"><\/object><a id=\"wp-block-file--media-58db34ce-dbe0-463b-a153-679184666aee\" href=\"https:\/\/www.fazenda.niteroi.rj.gov.br\/site\/wp-content\/uploads\/2023\/03\/Programacao-Mes-da-Mulher-2023-3.pdf\">Programacao-Mes-da-Mulher-2023-3<\/a><a href=\"https:\/\/www.fazenda.niteroi.rj.gov.br\/site\/wp-content\/uploads\/2023\/03\/Programacao-Mes-da-Mulher-2023-3.pdf\" class=\"wp-block-file__button wp-element-button\" download aria-describedby=\"wp-block-file--media-58db34ce-dbe0-463b-a153-679184666aee\">Baixar<\/a><\/div>\n\n\n\n<div style=\"height:52px\" aria-hidden=\"true\" class=\"wp-block-spacer\"><\/div>\n\n\n\n<h2 class=\"wp-block-heading\">Acesse nossos guias<\/h2>\n\n\n\n<hr class=\"wp-block-separator has-text-color has-white-color has-alpha-channel-opacity has-white-background-color has-background\"\/>\n\n\n\n<div data-wp-interactive=\"core\/file\" class=\"wp-block-file\"><object data-wp-bind--hidden=\"!state.hasPdfPreview\" hidden class=\"wp-block-file__embed\" data=\"https:\/\/www.fazenda.niteroi.rj.gov.br\/site\/wp-content\/uploads\/2023\/03\/Guia-Equidade-de-Genero.pdf\" type=\"application\/pdf\" style=\"width:100%;height:600px\" aria-label=\"Incorporado de Guia-Equidade-de-Genero.\"><\/object><a id=\"wp-block-file--media-e4cdebe9-e20f-47b0-aa36-41e3ee794e9d\" href=\"https:\/\/www.fazenda.niteroi.rj.gov.br\/site\/wp-content\/uploads\/2023\/03\/Guia-Equidade-de-Genero.pdf\">Guia-Equidade-de-Genero<\/a><a href=\"https:\/\/www.fazenda.niteroi.rj.gov.br\/site\/wp-content\/uploads\/2023\/03\/Guia-Equidade-de-Genero.pdf\" class=\"wp-block-file__button wp-element-button\" download aria-describedby=\"wp-block-file--media-e4cdebe9-e20f-47b0-aa36-41e3ee794e9d\">Baixar<\/a><\/div>\n\n\n\n<hr class=\"wp-block-separator has-text-color has-white-color has-alpha-channel-opacity has-white-background-color has-background\"\/>\n\n\n\n<div data-wp-interactive=\"core\/file\" class=\"wp-block-file\"><object data-wp-bind--hidden=\"!state.hasPdfPreview\" hidden class=\"wp-block-file__embed\" data=\"https:\/\/www.fazenda.niteroi.rj.gov.br\/site\/wp-content\/uploads\/2023\/03\/Guia-Equidade-racial-2022.pdf\" type=\"application\/pdf\" style=\"width:100%;height:600px\" aria-label=\"Incorporado de Guia-Equidade-racial-2022.\"><\/object><a id=\"wp-block-file--media-66cd954e-2d80-4918-b1ad-4f17b48b4b38\" href=\"https:\/\/www.fazenda.niteroi.rj.gov.br\/site\/wp-content\/uploads\/2023\/03\/Guia-Equidade-racial-2022.pdf\">Guia-Equidade-racial-2022<\/a><a href=\"https:\/\/www.fazenda.niteroi.rj.gov.br\/site\/wp-content\/uploads\/2023\/03\/Guia-Equidade-racial-2022.pdf\" class=\"wp-block-file__button wp-element-button\" download aria-describedby=\"wp-block-file--media-66cd954e-2d80-4918-b1ad-4f17b48b4b38\">Baixar<\/a><\/div>\n\n\n\n<div style=\"height:100px\" aria-hidden=\"true\" class=\"wp-block-spacer\"><\/div>\n\n\n\n<h2 class=\"wp-block-heading\">FAZENDA NEWS EDI\u00c7\u00c3O ESPECIAL<\/h2>\n\n\n\n<div style=\"height:27px\" aria-hidden=\"true\" class=\"wp-block-spacer\"><\/div>\n\n\n\n<p><\/p>\n\n\n\n<div data-wp-interactive=\"core\/file\" class=\"wp-block-file\"><object data-wp-bind--hidden=\"!state.hasPdfPreview\" hidden class=\"wp-block-file__embed\" data=\"https:\/\/www.fazenda.niteroi.rj.gov.br\/site\/wp-content\/uploads\/2023\/03\/FN42MesdaMulher.pdf\" type=\"application\/pdf\" style=\"width:100%;height:600px\" aria-label=\"Incorporado de FN42MesdaMulher.\"><\/object><a id=\"wp-block-file--media-b8eb838f-4974-4e36-bf7a-122a2179f5e3\" href=\"https:\/\/www.fazenda.niteroi.rj.gov.br\/site\/wp-content\/uploads\/2023\/03\/FN42MesdaMulher.pdf\">FN42MesdaMulher<\/a><a href=\"https:\/\/www.fazenda.niteroi.rj.gov.br\/site\/wp-content\/uploads\/2023\/03\/FN42MesdaMulher.pdf\" class=\"wp-block-file__button wp-element-button\" download aria-describedby=\"wp-block-file--media-b8eb838f-4974-4e36-bf7a-122a2179f5e3\">Baixar<\/a><\/div>\n\n\n\n<p><\/p>\n","protected":false},"excerpt":{"rendered":"<p>A Campanha \u201cElas Da SMF\u201d surge com o objetivo de conscientizar os\/as servidores\/as acerca da import\u00e2ncia do Dia Internacional da Mulher para o combate \u00e0s desigualdades de g\u00eanero no espa\u00e7o laboral.<\/p>\n","protected":false},"author":18,"featured_media":0,"parent":17641,"menu_order":3,"comment_status":"closed","ping_status":"closed","template":"","meta":{"_et_pb_use_builder":"off","_et_pb_old_content":"","_et_gb_content_width":"","_usar_header_alternativo":false,"footnotes":""},"class_list":["post-21314","page","type-page","status-publish","hentry"],"_links":{"self":[{"href":"https:\/\/www.fazenda.niteroi.rj.gov.br\/site\/wp-json\/wp\/v2\/pages\/21314","targetHints":{"allow":["GET"]}}],"collection":[{"href":"https:\/\/www.fazenda.niteroi.rj.gov.br\/site\/wp-json\/wp\/v2\/pages"}],"about":[{"href":"https:\/\/www.fazenda.niteroi.rj.gov.br\/site\/wp-json\/wp\/v2\/types\/page"}],"author":[{"embeddable":true,"href":"https:\/\/www.fazenda.niteroi.rj.gov.br\/site\/wp-json\/wp\/v2\/users\/18"}],"replies":[{"embeddable":true,"href":"https:\/\/www.fazenda.niteroi.rj.gov.br\/site\/wp-json\/wp\/v2\/comments?post=21314"}],"version-history":[{"count":5,"href":"https:\/\/www.fazenda.niteroi.rj.gov.br\/site\/wp-json\/wp\/v2\/pages\/21314\/revisions"}],"predecessor-version":[{"id":21634,"href":"https:\/\/www.fazenda.niteroi.rj.gov.br\/site\/wp-json\/wp\/v2\/pages\/21314\/revisions\/21634"}],"up":[{"embeddable":true,"href":"https:\/\/www.fazenda.niteroi.rj.gov.br\/site\/wp-json\/wp\/v2\/pages\/17641"}],"wp:attachment":[{"href":"https:\/\/www.fazenda.niteroi.rj.gov.br\/site\/wp-json\/wp\/v2\/media?parent=21314"}],"curies":[{"name":"wp","href":"https:\/\/api.w.org\/{rel}","templated":true}]}}