{"id":22998,"date":"2023-10-11T12:42:14","date_gmt":"2023-10-11T15:42:14","guid":{"rendered":"https:\/\/www.fazenda.niteroi.rj.gov.br\/site\/?page_id=22998"},"modified":"2024-02-07T15:31:21","modified_gmt":"2024-02-07T18:31:21","slug":"ccn","status":"publish","type":"page","link":"https:\/\/www.fazenda.niteroi.rj.gov.br\/site\/ccn\/","title":{"rendered":"Conselho de Contribuintes de Niter\u00f3i"},"content":{"rendered":"<p>[et_pb_section fb_built=&#8221;1&#8243; _builder_version=&#8221;4.22.2&#8243; _module_preset=&#8221;default&#8221; global_colors_info=&#8221;{}&#8221;][et_pb_row _builder_version=&#8221;4.22.2&#8243; _module_preset=&#8221;default&#8221; global_colors_info=&#8221;{}&#8221;][et_pb_column type=&#8221;4_4&#8243; _builder_version=&#8221;4.22.2&#8243; _module_preset=&#8221;default&#8221; global_colors_info=&#8221;{}&#8221;][et_pb_text _builder_version=&#8221;4.22.2&#8243; _module_preset=&#8221;default&#8221; global_colors_info=&#8221;{}&#8221;]<\/p>\n<h1>Conselho de Contribuintes de Niter\u00f3i<\/h1>\n<p>O Conselho de Contribuintes \u00e9 um \u00f3rg\u00e3o criado pela Lei n\u00ba 2.228\/05, com\u00a0a atribui\u00e7\u00e3o de julgar em segunda inst\u00e2ncia os recursos de decis\u00f5es referentes a processos administrativos tribut\u00e1rios. Nesta p\u00e1gina voc\u00ea encontrar\u00e1 as pautas das pr\u00f3ximas reuni\u00f5es e os ac\u00f3rd\u00e3os de decis\u00f5es anteriores.<span>\u00a0<\/span><a href=\"http:\/\/fazenda.niteroi.rj.gov.br\/site\/sobre\/ccn\/\">Saiba mais sobre o Conselho<\/a>.<\/p>\n<p>[\/et_pb_text][\/et_pb_column][\/et_pb_row][et_pb_row _builder_version=&#8221;4.22.2&#8243; _module_preset=&#8221;default&#8221; global_colors_info=&#8221;{}&#8221;][et_pb_column type=&#8221;4_4&#8243; _builder_version=&#8221;4.22.2&#8243; _module_preset=&#8221;default&#8221; global_colors_info=&#8221;{}&#8221;][et_pb_text _builder_version=&#8221;4.22.2&#8243; _module_preset=&#8221;default&#8221; custom_margin=&#8221;||0px||false|false&#8221; global_colors_info=&#8221;{}&#8221;]<\/p>\n<h2>Pr\u00f3ximas reuni\u00f5es do Conselho de Contribuintes de Niter\u00f3i<\/h2>\n<p>[\/et_pb_text][et_pb_post_slider include_categories=&#8221;132&#8243; more_text=&#8221;VEJA A PAUTA COMPLETA&#8221; excerpt_length=&#8221;500&#8243; show_meta=&#8221;off&#8221; _builder_version=&#8221;4.22.2&#8243; _module_preset=&#8221;default&#8221; background_color=&#8221;rgba(12,113,195,0.1)&#8221; custom_padding=&#8221;0px||0px||true|false&#8221; border_radii=&#8221;on|20px|20px|20px|20px&#8221; global_colors_info=&#8221;{}&#8221;][\/et_pb_post_slider][\/et_pb_column][\/et_pb_row][et_pb_row _builder_version=&#8221;4.22.2&#8243; _module_preset=&#8221;default&#8221; global_colors_info=&#8221;{}&#8221;][et_pb_column type=&#8221;4_4&#8243; _builder_version=&#8221;4.22.2&#8243; _module_preset=&#8221;default&#8221; global_colors_info=&#8221;{}&#8221;][et_pb_text _builder_version=&#8221;4.22.2&#8243; _module_preset=&#8221;default&#8221; global_colors_info=&#8221;{}&#8221;]<\/p>\n<h2>S\u00famulas Administrativas do Conselho de Contribuintes<\/h2>\n<p>Fundamenta\u00e7\u00e3o legal: Art. 122-A do Decreto Municipal 9.735\/2005 \u2013 Regimento Interno do Conselho de Contribuintes.<\/p>\n<p>[\/et_pb_text][et_pb_blog include_categories=&#8221;641&#8243; show_thumbnail=&#8221;off&#8221; show_author=&#8221;off&#8221; show_date=&#8221;off&#8221; show_categories=&#8221;off&#8221; _builder_version=&#8221;4.22.2&#8243; _module_preset=&#8221;default&#8221; global_colors_info=&#8221;{}&#8221;][\/et_pb_blog][\/et_pb_column][\/et_pb_row][et_pb_row _builder_version=&#8221;4.22.2&#8243; _module_preset=&#8221;default&#8221; global_colors_info=&#8221;{}&#8221;][et_pb_column type=&#8221;4_4&#8243; _builder_version=&#8221;4.22.2&#8243; _module_preset=&#8221;default&#8221; global_colors_info=&#8221;{}&#8221;][et_pb_text _builder_version=&#8221;4.22.2&#8243; _module_preset=&#8221;default&#8221; global_colors_info=&#8221;{}&#8221;]<\/p>\n<h2>Inteiro Teor dos Ac\u00f3rd\u00e3os<\/h2>\n<p>O inteiro teor das decis\u00f5es proferidas pelo Conselho de Contribuintes do Munic\u00edpio de Niter\u00f3i \u00e9 inserido no site da SMF somente ap\u00f3s a confirma\u00e7\u00e3o das decis\u00f5es pela autoridade superior, conforme art. 86, inciso II, da Lei n\u00ba 3.386\/2018.<\/p>\n<p>[\/et_pb_text][et_pb_search exclude_pages=&#8221;on&#8221; include_categories=&#8221;394,403,119,8,9,10,132,118,116,117,2,641,444&#8243; _builder_version=&#8221;4.24.0&#8243; _module_preset=&#8221;default&#8221; hover_enabled=&#8221;0&#8243; global_colors_info=&#8221;{}&#8221; sticky_enabled=&#8221;0&#8243;][\/et_pb_search][et_pb_blog fullwidth=&#8221;off&#8221; posts_number=&#8221;12&#8243; include_categories=&#8221;131&#8243; show_thumbnail=&#8221;off&#8221; show_author=&#8221;off&#8221; show_date=&#8221;off&#8221; show_categories=&#8221;off&#8221; _builder_version=&#8221;4.24.0&#8243; _module_preset=&#8221;default&#8221; hover_enabled=&#8221;0&#8243; global_colors_info=&#8221;{}&#8221; sticky_enabled=&#8221;0&#8243;][\/et_pb_blog][\/et_pb_column][\/et_pb_row][\/et_pb_section]<\/p>\n","protected":false},"excerpt":{"rendered":"<p>Conselho de Contribuintes de Niter\u00f3i. Sobre o Conselho, pautas das pr\u00f3ximas reuni\u00f5es, s\u00famulas e pesquisa de ac\u00f3rd\u00e3os.<\/p>\n","protected":false},"author":1,"featured_media":23380,"parent":0,"menu_order":0,"comment_status":"closed","ping_status":"closed","template":"","meta":{"_et_pb_use_builder":"on","_et_pb_old_content":"","_et_gb_content_width":"1280","_usar_header_alternativo":false,"footnotes":""},"class_list":["post-22998","page","type-page","status-publish","has-post-thumbnail","hentry"],"_links":{"self":[{"href":"https:\/\/www.fazenda.niteroi.rj.gov.br\/site\/wp-json\/wp\/v2\/pages\/22998","targetHints":{"allow":["GET"]}}],"collection":[{"href":"https:\/\/www.fazenda.niteroi.rj.gov.br\/site\/wp-json\/wp\/v2\/pages"}],"about":[{"href":"https:\/\/www.fazenda.niteroi.rj.gov.br\/site\/wp-json\/wp\/v2\/types\/page"}],"author":[{"embeddable":true,"href":"https:\/\/www.fazenda.niteroi.rj.gov.br\/site\/wp-json\/wp\/v2\/users\/1"}],"replies":[{"embeddable":true,"href":"https:\/\/www.fazenda.niteroi.rj.gov.br\/site\/wp-json\/wp\/v2\/comments?post=22998"}],"version-history":[{"count":5,"href":"https:\/\/www.fazenda.niteroi.rj.gov.br\/site\/wp-json\/wp\/v2\/pages\/22998\/revisions"}],"predecessor-version":[{"id":24435,"href":"https:\/\/www.fazenda.niteroi.rj.gov.br\/site\/wp-json\/wp\/v2\/pages\/22998\/revisions\/24435"}],"wp:featuredmedia":[{"embeddable":true,"href":"https:\/\/www.fazenda.niteroi.rj.gov.br\/site\/wp-json\/wp\/v2\/media\/23380"}],"wp:attachment":[{"href":"https:\/\/www.fazenda.niteroi.rj.gov.br\/site\/wp-json\/wp\/v2\/media?parent=22998"}],"curies":[{"name":"wp","href":"https:\/\/api.w.org\/{rel}","templated":true}]}}