{"id":23600,"date":"2023-12-18T15:11:57","date_gmt":"2023-12-18T18:11:57","guid":{"rendered":"https:\/\/www.fazenda.niteroi.rj.gov.br\/site\/?page_id=23600"},"modified":"2025-10-29T18:12:59","modified_gmt":"2025-10-29T21:12:59","slug":"sistema-de-gestao-da-qualidade-sgq-iso-9001-smf","status":"publish","type":"page","link":"https:\/\/www.fazenda.niteroi.rj.gov.br\/site\/sistema-de-gestao-da-qualidade-sgq-iso-9001-smf\/","title":{"rendered":"Sistema de Gest\u00e3o da Qualidade (SGQ) &#8211; ISO 9001\u00a0&#8211; SMF"},"content":{"rendered":"\n<p style=\"font-size:14px\">Durante a gest\u00e3o (2021 &#8211; 2024), foi promovida na SMF uma extensa reflex\u00e3o sobre os instrumentos capazes de definir e alinhar produtivamente as a\u00e7\u00f5es da institui\u00e7\u00e3o. No \u00e2mbito desse processo, o estabelecimento de um planejamento estrat\u00e9gico (a partir do Plano Institucional Participativo) voltado para resultados tem sido fundamental. Foi nessa busca por aprimoramento cont\u00ednuo dos processos que se deu a implementa\u00e7\u00e3o do <strong>Sistema de Gest\u00e3o da Qualidade (SGQ) &#8211; ISO 9001<\/strong>.&nbsp;<\/p>\n\n\n\n<div style=\"height:34px\" aria-hidden=\"true\" class=\"wp-block-spacer\"><\/div>\n\n\n\n<p>O SGQ foi implementado na Secretaria atrav\u00e9s da consultoria especializada da <strong>Universidade Federal Fluminense (UFF)<\/strong>, e teve como objetivo, a partir da Pol\u00edtica Institucional, evidenciada pelo nosso Mapa Estrat\u00e9gico abaixo, desenvolver estrat\u00e9gias de gest\u00e3o para os setores selecionados, a saber, <strong>Conselho de Contribuintes, Central de Atendimento ao Cidad\u00e3o e Pagamentos<\/strong>.&nbsp;<\/p>\n\n\n\n<div style=\"height:28px\" aria-hidden=\"true\" class=\"wp-block-spacer\"><\/div>\n\n\n\n<p class=\"has-medium-font-size\"><strong>Diretrizes estrat\u00e9gicas da SMF<\/strong><\/p>\n\n\n\n<p>No dia<strong>&nbsp;<a href=\"https:\/\/www.fazenda.niteroi.rj.gov.br\/site\/planejamento-estrategico-2025-2028\/\" target=\"_blank\" rel=\"noreferrer noopener\">7 de fevereiro de 2025<\/a><\/strong>, realizou-se a reuni\u00e3o do ciclo de Planejamento Estrat\u00e9gico da nova gest\u00e3o (2025-2028), durante a qual foi promovida a atualiza\u00e7\u00e3o da Matriz SWOT da Institui\u00e7\u00e3o, bem como a revis\u00e3o dos objetivos estrat\u00e9gicos, os quais foram traduzidos em nosso mapa estrat\u00e9gico e metodologia (Balanced Scorecard).<\/p>\n\n\n\n<p>O Plano Institucional Participativo desta gest\u00e3o, consolidado a partir dessas reuni\u00f5es, encontra-se em processo de revis\u00e3o pelo Senhor Secret\u00e1rio de Fazenda, para posterior publica\u00e7\u00e3o.<\/p>\n\n\n\n<p>[PLANEJAMENTO ESTRAT\u00c9GICO 2025-2028 EM CONSTRU\u00c7\u00c3O]<\/p>\n\n\n\n<div style=\"height:35px\" aria-hidden=\"true\" class=\"wp-block-spacer\"><\/div>\n\n\n\n<div style=\"height:35px\" aria-hidden=\"true\" class=\"wp-block-spacer\"><\/div>\n\n\n\n<p>Em breve, acesse esta p\u00e1gina e tenha acesso ao&nbsp;<strong>Plano Institucional Participativo 2025-2028<\/strong>, que apresenta a gest\u00e3o de forma estruturada e detalhada, incluindo as metodologias utilizadas pela nova gest\u00e3o!<\/p>\n\n\n\n<p class=\"has-medium-font-size\"><strong>Sistema de Gest\u00e3o da Qualidade na SMF<\/strong><\/p>\n\n\n\n<p>Atrav\u00e9s das diretrizes institucionais e com a implementa\u00e7\u00e3o do SGQ-ISO 9001 a Secretaria Municipal de Fazenda reafirma seu compromisso com a melhoria cont\u00ednua, estabelecendo processos claros, eficientes e eficazes, al\u00e9m de assegurar a satisfa\u00e7\u00e3o dos contribuintes e a transpar\u00eancia nas atividades da Administra\u00e7\u00e3o Fazend\u00e1ria de Niter\u00f3i!&nbsp;<\/p>\n\n\n\n<div style=\"height:21px\" aria-hidden=\"true\" class=\"wp-block-spacer\"><\/div>\n\n\n\n<div class=\"wp-block-buttons is-content-justification-center is-layout-flex wp-container-core-buttons-is-layout-1 wp-block-buttons-is-layout-flex\">\n<div class=\"wp-block-button\"><a class=\"wp-block-button__link has-white-color has-text-color has-link-color wp-element-button\" href=\"https:\/\/www.fazenda.niteroi.rj.gov.br\/site\/documentacao-do-sistema-de-gestao-da-qualidade-da-secretaria-municipal-da-fazenda\/\">Documentos  SGQ &#8211; ISO 9001<br>Secretaria Municipal de Fazenda<\/a><\/div>\n<\/div>\n\n\n\n<div style=\"height:24px\" aria-hidden=\"true\" class=\"wp-block-spacer\"><\/div>\n\n\n\n<p class=\"has-medium-font-size\"><\/p>\n","protected":false},"excerpt":{"rendered":"<p>Durante a gest\u00e3o (2021 &#8211; 2024), foi promovida na SMF uma extensa reflex\u00e3o sobre os instrumentos capazes de definir e alinhar produtivamente as a\u00e7\u00f5es da institui\u00e7\u00e3o. No \u00e2mbito desse processo, [&hellip;]<\/p>\n","protected":false},"author":39,"featured_media":0,"parent":0,"menu_order":0,"comment_status":"closed","ping_status":"closed","template":"","meta":{"_et_pb_use_builder":"off","_et_pb_old_content":"<!-- wp:paragraph {\"fontSize\":\"small\"} -->\n<p class=\"has-small-font-size\">A atual gest\u00e3o da SMF tem promovido uma extensa reflex\u00e3o sobre os instrumentos capazes de definir e alinhar produtivamente as a\u00e7\u00f5es da institui\u00e7\u00e3o. No \u00e2mbito desse processo, destacamos que o estabelecimento de um planejamento estrat\u00e9gico (Plano Institucional Participativo) voltado para resultados tem sido fundamental. Foi nessa busca por aprimoramento cont\u00ednuo dos processos que se deu a implementa\u00e7\u00e3o do <strong>Sistema de Gest\u00e3o da Qualidade (SGQ) - ISO 9001<\/strong>.\u00a0<\/p>\n<!-- \/wp:paragraph -->\n\n<!-- wp:spacer {\"height\":\"24px\"} -->\n<div style=\"height:24px\" aria-hidden=\"true\" class=\"wp-block-spacer\"><\/div>\n<!-- \/wp:spacer -->\n\n<!-- wp:paragraph -->\n<p>O SGQ est\u00e1 sendo implementado na Secretaria atrav\u00e9s da consultoria especializada da <strong>Universidade Federal Fluminense (UFF)<\/strong>, e visa, a partir da Pol\u00edtica Institucional, evidenciada pelo nosso Mapa Estrat\u00e9gico abaixo, desenvolver estrat\u00e9gias de gest\u00e3o para os setores selecionados, a saber, <strong>Conselho de Contribuintes, Central de Atendimento ao Cidad\u00e3o e Pagamentos<\/strong>.\u00a0<\/p>\n<!-- \/wp:paragraph -->\n\n<!-- wp:spacer {\"height\":\"24px\"} -->\n<div style=\"height:24px\" aria-hidden=\"true\" class=\"wp-block-spacer\"><\/div>\n<!-- \/wp:spacer -->\n\n<!-- wp:paragraph -->\n<p><strong>Diretrizes estrat\u00e9gicas da SMF<\/strong>:<\/p>\n<!-- \/wp:paragraph -->\n\n<!-- wp:image {\"id\":23602,\"width\":\"763px\",\"height\":\"auto\",\"sizeSlug\":\"full\",\"linkDestination\":\"media\"} -->\n<figure class=\"wp-block-image size-full is-resized\"><a href=\"https:\/\/www.fazenda.niteroi.rj.gov.br\/site\/wp-content\/uploads\/2023\/12\/Mapa_estrategico_1200x1200-01.jpg\"><img src=\"https:\/\/www.fazenda.niteroi.rj.gov.br\/site\/wp-content\/uploads\/2023\/12\/Mapa_estrategico_1200x1200-01.jpg\" alt=\"\" class=\"wp-image-23602\" style=\"width:763px;height:auto\"\/><\/a><\/figure>\n<!-- \/wp:image -->\n\n<!-- wp:spacer {\"height\":\"45px\"} -->\n<div style=\"height:45px\" aria-hidden=\"true\" class=\"wp-block-spacer\"><\/div>\n<!-- \/wp:spacer -->\n\n<!-- wp:buttons -->\n<div class=\"wp-block-buttons\"><!-- wp:button {\"textColor\":\"white\",\"style\":{\"elements\":{\"link\":{\"color\":{\"text\":\"var:preset|color|white\"}}}}} -->\n<div class=\"wp-block-button\"><a class=\"wp-block-button__link has-white-color has-text-color has-link-color wp-element-button\"><strong>Clique aqui para ter acesso ao Planejamento Estrat\u00e9gico da SMF&nbsp; <\/strong>&nbsp;<\/a><\/div>\n<!-- \/wp:button --><\/div>\n<!-- \/wp:buttons -->\n\n<!-- wp:spacer {\"height\":\"24px\"} -->\n<div style=\"height:24px\" aria-hidden=\"true\" class=\"wp-block-spacer\"><\/div>\n<!-- \/wp:spacer -->\n\n<!-- wp:paragraph -->\n<p>Atrav\u00e9s das diretrizes institucionais e com a implementa\u00e7\u00e3o do SGQ-ISO 9001 a Secretaria Municipal de Fazenda reafirma seu compromisso com a melhoria cont\u00ednua, estabelecendo processos claros, eficientes e eficazes, al\u00e9m de assegurar a satisfa\u00e7\u00e3o dos contribuintes e a transpar\u00eancia nas atividades da Administra\u00e7\u00e3o Fazend\u00e1ria de Niter\u00f3i!\u00a0<\/p>\n<!-- \/wp:paragraph -->\n\n<!-- wp:spacer {\"height\":\"40px\"} -->\n<div style=\"height:40px\" aria-hidden=\"true\" class=\"wp-block-spacer\"><\/div>\n<!-- \/wp:spacer -->\n\n<!-- wp:buttons -->\n<div class=\"wp-block-buttons\"><!-- wp:button {\"textColor\":\"white\",\"style\":{\"elements\":{\"link\":{\"color\":{\"text\":\"var:preset|color|white\"}}}}} -->\n<div class=\"wp-block-button\"><a class=\"wp-block-button__link has-white-color has-text-color has-link-color wp-element-button\">Acesse aqui os documentos  SQG - ISO 9001<\/a><\/div>\n<!-- \/wp:button --><\/div>\n<!-- \/wp:buttons -->\n\n<!-- wp:spacer {\"height\":\"24px\"} -->\n<div style=\"height:24px\" aria-hidden=\"true\" class=\"wp-block-spacer\"><\/div>\n<!-- \/wp:spacer -->\n\n<!-- wp:paragraph {\"fontSize\":\"medium\"} -->\n<p class=\"has-medium-font-size\"><\/p>\n<!-- \/wp:paragraph -->","_et_gb_content_width":"","_usar_header_alternativo":false,"footnotes":""},"class_list":["post-23600","page","type-page","status-publish","hentry"],"_links":{"self":[{"href":"https:\/\/www.fazenda.niteroi.rj.gov.br\/site\/wp-json\/wp\/v2\/pages\/23600","targetHints":{"allow":["GET"]}}],"collection":[{"href":"https:\/\/www.fazenda.niteroi.rj.gov.br\/site\/wp-json\/wp\/v2\/pages"}],"about":[{"href":"https:\/\/www.fazenda.niteroi.rj.gov.br\/site\/wp-json\/wp\/v2\/types\/page"}],"author":[{"embeddable":true,"href":"https:\/\/www.fazenda.niteroi.rj.gov.br\/site\/wp-json\/wp\/v2\/users\/39"}],"replies":[{"embeddable":true,"href":"https:\/\/www.fazenda.niteroi.rj.gov.br\/site\/wp-json\/wp\/v2\/comments?post=23600"}],"version-history":[{"count":5,"href":"https:\/\/www.fazenda.niteroi.rj.gov.br\/site\/wp-json\/wp\/v2\/pages\/23600\/revisions"}],"predecessor-version":[{"id":33588,"href":"https:\/\/www.fazenda.niteroi.rj.gov.br\/site\/wp-json\/wp\/v2\/pages\/23600\/revisions\/33588"}],"wp:attachment":[{"href":"https:\/\/www.fazenda.niteroi.rj.gov.br\/site\/wp-json\/wp\/v2\/media?parent=23600"}],"curies":[{"name":"wp","href":"https:\/\/api.w.org\/{rel}","templated":true}]}}